{"id":3073,"date":"2020-03-03T14:28:14","date_gmt":"2020-03-03T14:28:14","guid":{"rendered":"http:\/\/glueckssachen.de\/?post_type=product&#038;p=3073"},"modified":"2020-10-29T18:26:32","modified_gmt":"2020-10-29T16:26:32","slug":"happy-birthday-kalender-immerwaehrend","status":"publish","type":"product","link":"https:\/\/glueckssachen.de\/index.php\/product\/happy-birthday-kalender-immerwaehrend\/","title":{"rendered":"Happy-Birthday-Kalender (immerw\u00e4hrend)"},"content":{"rendered":"","protected":false},"excerpt":{"rendered":"<p>Das Kalenderdesign feiert eine eigene Party \u2013 und alle sind herzlich eingeladen!<\/p>\n<p>Dabei wechseln sich ganz schlichte Kalendermonate mit frischen, lustigen, hilfreichen und freundlichen Bildern ab.<br \/>\nJe nach Monat und Jahreszeit nehmen kleine Icons Bezug auf die verschiedenen Termine. So beh\u00e4lt man den \u00dcberblick und kann allen Geburtstagskindern immer p\u00fcnktlich gratulieren.<\/p>\n<p>Dieser Kalender wurde KOMPLETT am Computer-Zeichentablett entworfen und umgesetzt: jeder Buchstabe, jede Zahl, jede Form und jedes Symbol ist von Hand entstanden und gibt dem\u00a0Kalender einen individuellen Charme.<\/p>\n<p>Der Kalender ist ausgerollt 24 x 70 cm gro\u00df.\u00a0Als Verpackung dient eine kleine Plastikrolle (L\u00e4nge \u00a026,5 cm x Durchmesser 35 mm) \u2013 so kommen die Kalender mit g\u00fcnstigem Versand und ohne Knick bei euch zu Hause an!<\/p>\n","protected":false},"featured_media":3174,"template":"","meta":[],"product_brand":[],"product_cat":[15],"product_tag":[],"class_list":{"0":"post-3073","1":"product","2":"type-product","3":"status-publish","4":"has-post-thumbnail","6":"product_cat-produkte","8":"first","9":"instock","10":"taxable","11":"shipping-taxable","12":"purchasable","13":"product-type-simple"},"_links":{"self":[{"href":"https:\/\/glueckssachen.de\/index.php\/wp-json\/wp\/v2\/product\/3073","targetHints":{"allow":["GET"]}}],"collection":[{"href":"https:\/\/glueckssachen.de\/index.php\/wp-json\/wp\/v2\/product"}],"about":[{"href":"https:\/\/glueckssachen.de\/index.php\/wp-json\/wp\/v2\/types\/product"}],"wp:featuredmedia":[{"embeddable":true,"href":"https:\/\/glueckssachen.de\/index.php\/wp-json\/wp\/v2\/media\/3174"}],"wp:attachment":[{"href":"https:\/\/glueckssachen.de\/index.php\/wp-json\/wp\/v2\/media?parent=3073"}],"wp:term":[{"taxonomy":"product_brand","embeddable":true,"href":"https:\/\/glueckssachen.de\/index.php\/wp-json\/wp\/v2\/product_brand?post=3073"},{"taxonomy":"product_cat","embeddable":true,"href":"https:\/\/glueckssachen.de\/index.php\/wp-json\/wp\/v2\/product_cat?post=3073"},{"taxonomy":"product_tag","embeddable":true,"href":"https:\/\/glueckssachen.de\/index.php\/wp-json\/wp\/v2\/product_tag?post=3073"}],"curies":[{"name":"wp","href":"https:\/\/api.w.org\/{rel}","templated":true}]}}