{"id":3251,"date":"2020-05-05T08:02:02","date_gmt":"2020-05-05T08:02:02","guid":{"rendered":"http:\/\/glueckssachen.de\/index.php\/impressum-2\/"},"modified":"2020-05-05T12:06:37","modified_gmt":"2020-05-05T10:06:37","slug":"impressum-2","status":"publish","type":"page","link":"https:\/\/glueckssachen.de\/index.php\/impressum-2\/","title":{"rendered":"Impressum"},"content":{"rendered":"<p><strong>Impressum<\/strong><\/p>\n<p><strong>Gesetzliche Anbieterkennung:<\/strong><\/p>\n<p><strong>Daniela Weidhofer<br \/>\nOlgastra\u00dfe 109<br \/>\n70180 Stuttgart<br \/>\nDeutschland<br \/>\nTelefon: 071146974627<br \/>\nE-Mail: <\/strong><strong>mail@glueckssachen.de<\/strong><strong><br \/>\nUSt-IdNr.: DE243482661<\/strong><\/p>\n<p><strong>Alternative Streitbeilegung:<\/strong><br \/>\nDie Europ\u00e4ische Kommission stellt eine Plattform f\u00fcr die au\u00dfergerichtliche Online-Streitbeilegung (OS-Plattform) bereit, aufrufbar unter\u00a0<a href=\"https:\/\/ec.europa.eu\/consumers\/odr\" target=\"_blank\" rel=\"noopener noreferrer\">https:\/\/ec.europa.eu\/odr<\/a>.<\/p>\n<p><strong>Wir sind seit\u00a0<\/strong><strong>31.08.2015\u00a0<\/strong><strong>Mitglied der Initiative &#8222;FairCommerce&#8220;.<\/strong><br \/>\nN\u00e4here Informationen hierzu finden Sie unter www.fair-commerce.de.<\/p>\n","protected":false},"excerpt":{"rendered":"<p>Impressum Gesetzliche Anbieterkennung: Daniela Weidhofer Olgastra\u00dfe 109 70180 Stuttgart Deutschland Telefon: 071146974627 E-Mail: mail@glueckssachen.de USt-IdNr.: DE243482661 Alternative Streitbeilegung: Die Europ\u00e4ische Kommission stellt eine Plattform f\u00fcr die au\u00dfergerichtliche Online-Streitbeilegung (OS-Plattform) bereit, aufrufbar unter\u00a0https:\/\/ec.europa.eu\/odr. Wir sind seit\u00a031.08.2015\u00a0Mitglied der Initiative &#8222;FairCommerce&#8220;. N\u00e4here Informationen hierzu finden Sie unter www.fair-commerce.de.<\/p>\n","protected":false},"author":1,"featured_media":0,"parent":0,"menu_order":0,"comment_status":"closed","ping_status":"closed","template":"","meta":{"footnotes":""},"class_list":["post-3251","page","type-page","status-publish","hentry"],"_links":{"self":[{"href":"https:\/\/glueckssachen.de\/index.php\/wp-json\/wp\/v2\/pages\/3251","targetHints":{"allow":["GET"]}}],"collection":[{"href":"https:\/\/glueckssachen.de\/index.php\/wp-json\/wp\/v2\/pages"}],"about":[{"href":"https:\/\/glueckssachen.de\/index.php\/wp-json\/wp\/v2\/types\/page"}],"author":[{"embeddable":true,"href":"https:\/\/glueckssachen.de\/index.php\/wp-json\/wp\/v2\/users\/1"}],"replies":[{"embeddable":true,"href":"https:\/\/glueckssachen.de\/index.php\/wp-json\/wp\/v2\/comments?post=3251"}],"version-history":[{"count":3,"href":"https:\/\/glueckssachen.de\/index.php\/wp-json\/wp\/v2\/pages\/3251\/revisions"}],"predecessor-version":[{"id":3291,"href":"https:\/\/glueckssachen.de\/index.php\/wp-json\/wp\/v2\/pages\/3251\/revisions\/3291"}],"wp:attachment":[{"href":"https:\/\/glueckssachen.de\/index.php\/wp-json\/wp\/v2\/media?parent=3251"}],"curies":[{"name":"wp","href":"https:\/\/api.w.org\/{rel}","templated":true}]}}